{"id":1814,"date":"2021-09-19T15:05:57","date_gmt":"2021-09-19T13:05:57","guid":{"rendered":"https:\/\/www.lyceeberkeley.com\/?page_id=1814"},"modified":"2021-11-14T17:18:47","modified_gmt":"2021-11-14T16:18:47","slug":"qui-sommes-nous","status":"publish","type":"page","link":"https:\/\/www.lyceeberkeley.com\/index.php\/qui-sommes-nous\/","title":{"rendered":"Qui sommes nous?"},"content":{"rendered":"<p>[vc_row][vc_column][vc_column_text]<span style=\"font-weight: 400;\">La probl\u00e9matique fondatrice de l\u2019\u00e9cole\u00a0<\/span><\/p>\n<ul>\n<li style=\"font-weight: 400;\" aria-level=\"1\"><span style=\"font-weight: 400;\">La globalisation est devenue un des enjeux majeurs de notre \u00e9poque\u00a0: L\u2019excellence, l\u2019ouverture d\u2019esprit, \u00a0 l\u2019esprit de comp\u00e9tition, deviennent une donn\u00e9e essentielle dans la formation\u00a0<\/span><\/li>\n<li style=\"font-weight: 400;\" aria-level=\"1\"><span style=\"font-weight: 400;\">Le march\u00e9 s\u2019internationalise<\/span><\/li>\n<li style=\"font-weight: 400;\" aria-level=\"1\"><span style=\"font-weight: 400;\">Le d\u00e9veloppement du num\u00e9rique ouvre de nouvelles perspectives\u00a0: autoformation, cr\u00e9ativit\u00e9, entrepreneuriat, rencontres,<\/span><\/li>\n<li style=\"font-weight: 400;\" aria-level=\"1\"><span style=\"font-weight: 400;\">L\u2019anglais est devenu la langue du commerce, la langue d\u2019\u00e9tudes\u00a0 dans les plus grandes universit\u00e9s, l\u2019outil de travail des grandes institutions,\u00a0 la langue de la science, de la recherche et de la technologie.<\/span><\/li>\n<li style=\"font-weight: 400;\" aria-level=\"1\"><span style=\"font-weight: 400;\">L\u2019aptitude et les curricula bas\u00e9s sur les Sciences, les Math\u00e9matiques, la Technologie et l\u2019informatique.<\/span><\/li>\n<\/ul>\n<p><span style=\"font-weight: 400;\">Vision : l\u2019\u00e9cole de r\u00e9f\u00e9rence<\/span><\/p>\n<ul>\n<li style=\"font-weight: 400;\" aria-level=\"1\"><span style=\"font-weight: 400;\">Une \u00e9cole de r\u00e9f\u00e9rence qui met \u00e0 la disposition des universit\u00e9s, des centres d\u2019excellence et des institutions du monde entier, des \u00e9l\u00e8ves excellents, outill\u00e9s et ouverts sur le monde moderne\u00a0<\/span><\/li>\n<\/ul>\n<p>&nbsp;<\/p>\n<p><span style=\"font-weight: 400;\">Missions : Former l\u2019\u00e9lite de demain<\/span><\/p>\n<ul>\n<li style=\"font-weight: 400;\" aria-level=\"1\"><span style=\"font-weight: 400;\">D\u00e9velopper \u00e0 la base, les outils du savoir scientifique et technique, les aptitudes de communication, la cr\u00e9ativit\u00e9, l\u2019autonomie et la recherche de la perfection chez les \u00e9l\u00e8ves.<\/span><\/li>\n<li style=\"font-weight: 400;\" aria-level=\"1\"><span style=\"font-weight: 400;\">Favoriser l\u2019insertion, l\u2019adaptabilit\u00e9, la promotion professionnelle et la respectabilit\u00e9 sociale de nos \u00e9l\u00e8ves.<\/span><\/li>\n<li style=\"font-weight: 400;\" aria-level=\"1\"><span style=\"font-weight: 400;\">Ouvrir les \u00e9l\u00e8ves aux changements de l\u2019environnement et du monde<\/span><\/li>\n<\/ul>\n<p>&nbsp;<\/p>\n<p><span style=\"font-weight: 400;\">Valeurs : L\u2019avenir de l\u2019\u00e9l\u00e8ve au c\u0153ur de l\u2019\u00e9ducation<\/span><\/p>\n<ul>\n<li style=\"font-weight: 400;\" aria-level=\"1\"><span style=\"font-weight: 400;\">Sens de l\u2019Engagement et du devoir vis-\u00e0-vis de nos \u00e9l\u00e8ves et\u00a0 partenaires.\u00a0<\/span><\/li>\n<li style=\"font-weight: 400;\" aria-level=\"1\"><span style=\"font-weight: 400;\">Mettre \u00e0 la disposition de nos \u00e9l\u00e8ves et\u00a0 partenaires un Personnel qualifi\u00e9, efficace et disponible.<\/span><\/li>\n<li style=\"font-weight: 400;\" aria-level=\"1\"><span style=\"font-weight: 400;\">Assurer un cadre de service complet, de sociabilit\u00e9 et d\u2019\u00e9panouissement \u00e0 nos \u00e9tudiants et\u00a0 partenaires.<\/span><\/li>\n<li style=\"font-weight: 400;\" aria-level=\"1\"><span style=\"font-weight: 400;\">Ecoute permanente de nos \u00e9tudiants et partenaires.<\/span><\/li>\n<li style=\"font-weight: 400;\" aria-level=\"1\"><span style=\"font-weight: 400;\">Am\u00e9lioration continue des performances\u00a0 et de la qualit\u00e9 de service.\u00a0<\/span><\/li>\n<\/ul>\n<p>&nbsp;<\/p>\n<p><span style=\"font-weight: 400;\">Orientation\u00a0: le renforcement de la valeur ajout\u00e9e<\/span><\/p>\n<ul>\n<li style=\"font-weight: 400;\" aria-level=\"1\"><span style=\"font-weight: 400;\">Recrutement des \u00e9l\u00e8ves avec un bon niveau \u00e0 l\u2019entr\u00e9e.<\/span><\/li>\n<li style=\"font-weight: 400;\" aria-level=\"1\"><span style=\"font-weight: 400;\">Renforcement des math\u00e9matiques et des sciences d\u00e8s la classe de sixi\u00e8me.<\/span><\/li>\n<li style=\"font-weight: 400;\" aria-level=\"1\"><span style=\"font-weight: 400;\">D\u00e9veloppement de la cr\u00e9ativit\u00e9, entrepreneuriale, artistique et num\u00e9rique.\u00a0<\/span><\/li>\n<li style=\"font-weight: 400;\" aria-level=\"1\"><span style=\"font-weight: 400;\">La mixit\u00e9 culturelle \u00e0 l\u2019\u00e9cole.<\/span><\/li>\n<li style=\"font-weight: 400;\" aria-level=\"1\"><span style=\"font-weight: 400;\">\u00a0L\u2019immersion et les stages linguistiques dans les pays anglophones.\u00a0<\/span><\/li>\n<li style=\"font-weight: 400;\" aria-level=\"1\"><span style=\"font-weight: 400;\">Une p\u00e9dagogie participative et ludique\u00a0: apprend jamais aussi bien que lorsqu\u2019on est heureux<\/span><\/li>\n<\/ul>\n<p><span style=\"font-weight: 400;\">Public cible\u00a0: cible restreinte<\/span><\/p>\n<p><span style=\"font-weight: 400;\">L\u2019\u00e9tablissement est destin\u00e9 aux parents, partenaires et \u00e9l\u00e8ves qui sont \u00e0 la recherche d\u2019un cadre d\u2019excellence et de performance continue ouvert sur le monde.\u00a0 L\u2019\u00e9cole se veut \u00e9litiste et \u00e9vite la massification. L\u2019\u00e9cole<\/span><span style=\"font-weight: 400;\"> accueille des \u00e9l\u00e8ves aux profils sp\u00e9cifiques:<\/span><\/p>\n<ul>\n<li style=\"font-weight: 400;\" aria-level=\"1\"><span style=\"font-weight: 400;\">Des \u00e9l\u00e8ves s\u00e9n\u00e9galais dont les parents sont soucieux d\u2019un enseignement bilingue,<\/span><\/li>\n<li style=\"font-weight: 400;\" aria-level=\"1\"><span style=\"font-weight: 400;\">Des \u00e9l\u00e8ves s\u00e9n\u00e9galais rentrant de s\u00e9jours plus ou moins longs \u00e0 l\u2019\u00e9tranger,<\/span><\/li>\n<li style=\"font-weight: 400;\" aria-level=\"1\"><span style=\"font-weight: 400;\">Des \u00e9l\u00e8ves de diff\u00e9rentes nationalit\u00e9s d\u00e9sirant un enseignement bilingue de qualit\u00e9<\/span><\/li>\n<li style=\"font-weight: 400;\" aria-level=\"1\"><span style=\"font-weight: 400;\">Des \u00e9l\u00e8ves ayant fait une partie de leur scolarit\u00e9 en \u00e9cole bilingue, en \u00e9cole internationale.<\/span><\/li>\n<\/ul>\n<p><span style=\"font-weight: 400;\">Profil du Personnel administratif et de service<\/span><\/p>\n<p>&nbsp;<\/p>\n<p><span style=\"font-weight: 400;\">Un personnel administratif qualifi\u00e9 est recrut\u00e9 avec au moins\u00a0un bac+3 et des ann\u00e9es d\u2019exp\u00e9riences dans la gestion des \u00e9coles p<\/span><span style=\"font-weight: 400;\">our assurer un suivi efficace et personnalis\u00e9 des \u00e9l\u00e8ves. Il accorde une attention \u00e0 chaque \u00e9l\u00e8ve pour suivre son \u00e9volution, le guider et l\u2019aider \u00e0 s\u2019adapter sereinement \u00e0 l\u2019environnement interne et externe.<\/span><\/p>\n<p><span style=\"font-weight: 400;\">Le Personnel\u00a0 suit \u00e9troitement les progr\u00e8s et le parcours de l\u2019\u00e9l\u00e8ve, coordonne son int\u00e9gration tant scolaire que sociale, et repr\u00e9sente l\u2019interlocuteur privil\u00e9gi\u00e9 des parents. Il contribue \u00e0 aplanir toute difficult\u00e9 et \u00e0 faire la liaison avec tous les enseignants, et fournit des conseils pr\u00e9cieux relatifs \u00e0 leur orientation.<\/span><\/p>\n<p>&nbsp;<\/p>\n<p><span style=\"font-weight: 400;\">Le Cadre de l\u2019\u00e9cole<\/span><\/p>\n<p>&nbsp;<\/p>\n<ul>\n<li style=\"font-weight: 400;\" aria-level=\"1\"><span style=\"font-weight: 400;\">L\u2019\u00e9cole \u00e9volue dans un environnement sain, paisible et s\u00e9curisant avec un climat chaleureux de dialogue et de respect d\u2019autrui bas\u00e9 sur la confiance.\u00a0<\/span><\/li>\n<li style=\"font-weight: 400;\" aria-level=\"1\"><span style=\"font-weight: 400;\">Le cadre encourage les \u00e9l\u00e8ves \u00e0 r\u00e9fl\u00e9chir, \u00e0 faire des choix et \u00e0 entreprendre, \u00e0 s\u2019auto former, \u00e0 poss\u00e9der des connaissances personnelles, \u00e0 r\u00e9soudre des probl\u00e8mes complexes, mais aussi leur permet de s\u2019exercer \u00e0 communiquer en fran\u00e7ais et en anglais.<\/span><\/li>\n<li style=\"font-weight: 400;\" aria-level=\"1\"><span style=\"font-weight: 400;\">Le cadre offre la respectabilit\u00e9 sociale des enfants et de leurs parents.<\/span><\/li>\n<li style=\"font-weight: 400;\" aria-level=\"1\"><span style=\"font-weight: 400;\">Le cadre offre tous les conforts et les commodit\u00e9s pour l\u2019\u00e9panouissement intellectuel et social aux \u00e9l\u00e8ves<\/span><\/li>\n<\/ul>\n<p>&nbsp;<\/p>\n<p><span style=\"font-weight: 400;\">Profil des Enseignants<\/span><\/p>\n<p>&nbsp;<\/p>\n<ul>\n<li style=\"font-weight: 400;\" aria-level=\"1\"><span style=\"font-weight: 400;\">Dipl\u00f4me universitaire dans la mati\u00e8re dispens\u00e9e<\/span><\/li>\n<li style=\"font-weight: 400;\" aria-level=\"1\"><span style=\"font-weight: 400;\">Dipl\u00f4me de l\u2019Ecole Normale Sup\u00e9rieure (Fastef)<\/span><\/li>\n<li style=\"font-weight: 400;\" aria-level=\"1\"><span style=\"font-weight: 400;\">Exp\u00e9riences minimales de trois ans dans l\u2019enseignement dans des \u00e9coles r\u00e9put\u00e9es<\/span><\/li>\n<li style=\"font-weight: 400;\" aria-level=\"1\"><span style=\"font-weight: 400;\">Disponibilit\u00e9 suffisante.<\/span><\/li>\n<li style=\"font-weight: 400;\" aria-level=\"1\"><span style=\"font-weight: 400;\">Amour de la discipline.<\/span><\/li>\n<\/ul>\n<p><span style=\"font-weight: 400;\">Profil de la classe<\/span><\/p>\n<p>&nbsp;<\/p>\n<ul>\n<li style=\"font-weight: 400;\" aria-level=\"1\"><span style=\"font-weight: 400;\">Effectifs r\u00e9duits\u00a0: 10 au maximum par classe<\/span><\/li>\n<li style=\"font-weight: 400;\" aria-level=\"1\"><span style=\"font-weight: 400;\">Des \u00e9l\u00e8ves qui ont r\u00e9ussi aux tests d\u2019excellence<\/span><\/li>\n<li style=\"font-weight: 400;\" aria-level=\"1\"><span style=\"font-weight: 400;\">Des \u00e9l\u00e8ves accoutum\u00e9s \u00e0 l\u2019effort, suivis et encadr\u00e9s par les parents<\/span><\/li>\n<li style=\"font-weight: 400;\" aria-level=\"1\"><span style=\"font-weight: 400;\">Assiduit\u00e9, ponctualit\u00e9, respect strict du r\u00e8glement.<\/span><\/li>\n<li style=\"font-weight: 400;\" aria-level=\"1\"><span style=\"font-weight: 400;\">Port obligatoire de l\u2019uniforme<\/span><\/li>\n<li style=\"font-weight: 400;\" aria-level=\"1\"><span style=\"font-weight: 400;\">Anglais ou fran\u00e7ais obligatoire \u00e0 l\u2019\u00e9cole comme langue de communication<\/span><\/li>\n<li style=\"font-weight: 400;\" aria-level=\"1\"><span style=\"font-weight: 400;\">Des classes de niveaux homog\u00e8nes (nivellement par le haut).<\/span><\/li>\n<\/ul>\n<p>&nbsp;<\/p>\n<p><span style=\"font-weight: 400;\">Activit\u00e9s de renforcement<\/span><\/p>\n<p>&nbsp;<\/p>\n<ul>\n<li style=\"font-weight: 400;\" aria-level=\"1\"><span style=\"font-weight: 400;\">Sorties p\u00e9dagogiques<\/span><\/li>\n<li style=\"font-weight: 400;\" aria-level=\"1\"><span style=\"font-weight: 400;\">Stages linguistiques (immersion) dans les pays anglophones<\/span><\/li>\n<li style=\"font-weight: 400;\" aria-level=\"1\"><span style=\"font-weight: 400;\">Des conf\u00e9rences et D\u00e9bats<\/span><\/li>\n<li style=\"font-weight: 400;\" aria-level=\"1\"><span style=\"font-weight: 400;\">Des comp\u00e9titions\u00a0: art oratoire, jeux de l\u2019esprit, culture g\u00e9n\u00e9rale, cr\u00e9ations, etc.<\/span><\/li>\n<li style=\"font-weight: 400;\" aria-level=\"1\"><span style=\"font-weight: 400;\">Des camps de renforcement<\/span><\/li>\n<li style=\"font-weight: 400;\" aria-level=\"1\"><span style=\"font-weight: 400;\">Des suivis personnalis\u00e9s d\u2019\u00e9l\u00e8ves<\/span><\/li>\n<\/ul>\n<p>[\/vc_column_text][\/vc_column][\/vc_row]<\/p>\n","protected":false},"excerpt":{"rendered":"<p>[vc_row][vc_column][vc_column_text]La probl\u00e9matique fondatrice de l\u2019\u00e9cole\u00a0 La globalisation est devenue un des enjeux majeurs de notre \u00e9poque\u00a0: L\u2019excellence, l\u2019ouverture d\u2019esprit, \u00a0 l\u2019esprit de comp\u00e9tition, deviennent une donn\u00e9e essentielle dans la formation\u00a0 Le march\u00e9 s\u2019internationalise Le d\u00e9veloppement du num\u00e9rique ouvre de nouvelles perspectives\u00a0: autoformation, cr\u00e9ativit\u00e9, entrepreneuriat, rencontres, L\u2019anglais est devenu la langue du commerce, la langue d\u2019\u00e9tudes\u00a0 [&hellip;]<\/p>\n","protected":false},"author":1,"featured_media":0,"parent":0,"menu_order":0,"comment_status":"closed","ping_status":"closed","template":"","meta":{"footnotes":""},"class_list":["post-1814","page","type-page","status-publish","hentry"],"_links":{"self":[{"href":"https:\/\/www.lyceeberkeley.com\/index.php\/wp-json\/wp\/v2\/pages\/1814","targetHints":{"allow":["GET"]}}],"collection":[{"href":"https:\/\/www.lyceeberkeley.com\/index.php\/wp-json\/wp\/v2\/pages"}],"about":[{"href":"https:\/\/www.lyceeberkeley.com\/index.php\/wp-json\/wp\/v2\/types\/page"}],"author":[{"embeddable":true,"href":"https:\/\/www.lyceeberkeley.com\/index.php\/wp-json\/wp\/v2\/users\/1"}],"replies":[{"embeddable":true,"href":"https:\/\/www.lyceeberkeley.com\/index.php\/wp-json\/wp\/v2\/comments?post=1814"}],"version-history":[{"count":3,"href":"https:\/\/www.lyceeberkeley.com\/index.php\/wp-json\/wp\/v2\/pages\/1814\/revisions"}],"predecessor-version":[{"id":2018,"href":"https:\/\/www.lyceeberkeley.com\/index.php\/wp-json\/wp\/v2\/pages\/1814\/revisions\/2018"}],"wp:attachment":[{"href":"https:\/\/www.lyceeberkeley.com\/index.php\/wp-json\/wp\/v2\/media?parent=1814"}],"curies":[{"name":"wp","href":"https:\/\/api.w.org\/{rel}","templated":true}]}}